a**2 - 12*a - 6. Calculate the remainder when p(-5) is divided by 11.
9
Suppose -5*s + 4*h = -23, s + 4 + 1 = 4*h. Suppose -25 = s*t - 8*t. Calculate the remainder when 96 is divided by t.
21
What is the remainder when 3470 is divided by 17/102 + 1342/12?
110
Suppose 5*q + 3*q = 112. Suppose p + q = -39. Calculate the remainder when 1*(3 - 4)*p is divided by 14.
11
Suppose 0 = -46*h + 28*h - 10782. Let i = -590 - h. Suppose -46 = 2*m - 4*m. Calculate the remainder when m is divided by i.
5
Suppose 2*x = -4*f + 60, -5*x + 109 + 26 = 5*f. Suppose -95 = -4*m + 3*o + 145, m - o = 61. What is the remainder when m is divided by x?
9
Suppose -35*p - 3*g - 113 = -40*p, 3*g + 18 = 0. What is the remainder when 42 is divided by p?
4
Let w(a) = 71*a**2 + 97*a - 362. What is the remainder when w(5) is divided by 379?
3
Suppose 1935*v = 1016*v + 970*v - 1039380. What is the remainder when v is divided by 187?
184
Suppose 85*h - 48198 = 68932. What is the remainder when h is divided by 35?
13
Suppose 2*c - 29 = 5*j - 105, -3*j + 39 = c. Suppose 493 = j*z - 249. Calculate the remainder when z is divided by 14.
11
Suppose -7*q = -12*q + 15. Let o be (-60 - q)/3*-2. Suppose u = -14 + o. What is the remainder when 71 is divided by u?
15
Suppose v = 3*v - 4*u - 302, -4*v = 2*u - 654. Let c(i) = 370*i - 27322. Calculate the remainder when v is divided by c(74).
45
Suppose u - 81 = -3*v, -78 = 2*u - v - 205. What is the remainder when 157 is divided by u?
25
Let p = 1620 + -1611. Suppose 25 = h + a, -4*a + 31 + 39 = 3*h. What is the remainder when h is divided by p?
3
Let r(b) = 2*b**2 + 12525*b + 50077. Suppose -6*i + 171 = -3*i. Let u = -34 + i. Calculate the remainder when u is divided by r(-4).
5
Let z = 57311 + -57296. What is the remainder when z is divided by 20/3 + (-1)/(-3)?
1
Let y = -18687 - -19570. Calculate the remainder when y is divided by 284.
31
Let x(z) = 44*z**2 - 633*z - 634. What is the remainder when 3482 is divided by x(-1)?
42
Let f be ((-52)/(-2))/(8/4). Let o(d) = -14*d**2 - 3 - f + d**2 - 12*d + 2 + d**3. Calculate the remainder when o(14) is divided by 8.
6
Suppose 4*y - 344 + 392 = 0. Calculate the remainder when 19 is divided by 205/25 - -9*y/90.
5
Let m = 4991 - 3607. Calculate the remainder when m is divided by 77.
75
Let g(w) = -276*w + 966. Calculate the remainder when 1509 is divided by g(3).
129
Suppose -69*f + 138*f = 67*f + 154. Calculate the remainder when f is divided by 29.
19
Suppose 0 = -4*q - c + 4*c - 1711, 3*q = -4*c - 1302. What is the remainder when 83 is divided by 3*(q/(-3))/10?
40
Let y be (462/35)/((-4)/(-10)). Calculate the remainder when 63 is divided by -2 + y + 6/(-3 + 1).
7
What is the remainder when 158 is divided by (-140)/112 + (-4 - 1300/(-16))?
6
Let f(j) = 2 + 5*j + 9 - 4 - 8*j + 55*j**2. Let l be f(-3). Suppose -601 - l = -8*s. Calculate the remainder when s is divided by 35.
34
Suppose 29*j + 91 = 30*j + 3*l, -3*j + 2*l + 207 = 0. What is the remainder when 475 is divided by j?
37
Suppose 9*u + 350 = 14*u. Let v = u + -4. Suppose -5*t + v = 2*y, -y + 2*t + 38 = y. Calculate the remainder when 68 is divided by y.
22
Suppose f = 5*s - f - 304, 2*s = -3*f + 114. Suppose 624 = z - 5*l, 2*z - 4*l - 622 = z. Let j = z + -376. What is the remainder when j is divided by s?
58
Suppose -34*n - 66*n = -0*n - 6000. Calculate the remainder when n is divided by 15/6*4/1.
0
Suppose -g - 6*g + 320 + 303 = 0. Calculate the remainder when g is divided by (-3)/(-1*(-1)/(-11)).
23
Calculate the remainder when 349 is divided by 2 + -16*1/9 + (-6582)/(-27).
105
What is the remainder when 3254 is divided by (330/(-21))/((-170)/952)?
86
Let q = -2168 + 2217. Let j = 47 - 29. What is the remainder when q is divided by j?
13
Suppose 14*k = 26*k - 96. Suppose -k*h + 77 = -h. Calculate the remainder when 26 is divided by h.
4
Suppose -4 = -2*x + 6*x, -7*x = -3*v + 1291. What is the remainder when v is divided by 24?
20
Let x = 13176 - 13115. What is the remainder when x is divided by 60?
1
Let a = -22 - -272. Suppose 48 = -d - h + a, -4*d + 4*h + 816 = 0. Suppose 18*l - 678 = 60. What is the remainder when d is divided by l?
39
Suppose -25*b + 403 + 272 = 0. Let r = b + 13. Calculate the remainder when r is divided by 7.
5
Let g(p) = 2*p**2 + 10*p - 5. Let o(j) = 3*j**2 + 9*j - 4. Let b(m) = 5*g(m) - 4*o(m). Calculate the remainder when b(5) is divided by 4.
3
Suppose 4*l - 2 = -3*q, -55 = 5*q - 2*l - 3*l. Suppose 1514 - 559 = 59*g - 1641. Calculate the remainder when ((-436)/q)/(1/3) is divided by g.
42
Let n = 4855 - 3311. What is the remainder when n is divided by 48?
8
Suppose 10 + 2 = 4*w. Let i(v) = -4*v + 40. Let g be i(5). Suppose -g*q = -33*q + 156. Calculate the remainder when q is divided by w.
0
Let g = 61754 + -61711. Let q = 203 + -124. Calculate the remainder when q is divided by g.
36
Suppose -12*g = -2*z - 10*g + 1364, 3*z = 2*g + 2042. What is the remainder when z is divided by 84?
6
Let c(o) = -o**3 + 13*o**2 - 18*o - 20. Let d = -1029 - -1075. What is the remainder when d is divided by c(11)?
22
Suppose 10*x = 41 - 1. Let p(o) = 0*o + o**3 + 0*o**3 + 4 + 5*o**2 + 3*o. What is the remainder when p(-4) is divided by x?
0
Suppose -481*d = -479*d - 60. Suppose 0 = -35*j + d*j + 170. What is the remainder when j is divided by 16?
2
Suppose -g + 26*g - 23*g - 5064 = 0. What is the remainder when g is divided by 149?
148
Let x(s) = -s**3 + 9*s**2 - 8*s + 2. Let t = -190 + 194. What is the remainder when x(t) is divided by 27?
23
Suppose -p + g = 6, 3*p - g = -3*g + 2. What is the remainder when (-7 - -99)/(-3 - -5) is divided by (p/(-3))/(3/45)?
6
Let z be (1/(-6))/((-1)/12). Suppose 346 + 169 = 3*m - z*p, 4 = 2*p. Calculate the remainder when m is divided by 35.
33
Let c(h) = -7*h**2 - 351*h + 14. Calculate the remainder when 442 is divided by c(-50).
58
Suppose -85*b = -72*b - 343356. Calculate the remainder when b is divided by 15.
12
Let y = 29974 - 21883. Calculate the remainder when y is divided by 11.
6
Let b(f) = f**3 - 5*f**2 - 12*f + 37. Let k be b(6). What is the remainder when 87 - (-4 + (-2 - -4)*k) is divided by 7?
5
Let h = 324 - 232. What is the remainder when 257 is divided by h?
73
Let h(s) = s**3 + 3*s**2 - 12*s - 2. Let g = 171 - 112. Calculate the remainder when g is divided by h(-4).
29
Suppose 132*x - 142*x = -280. Calculate the remainder when 531 is divided by x.
27
Let z = -45 + 70. Suppose -3*g + 4*x = -77 - z, -5*g + x = -153. What is the remainder when g is divided by 19?
11
Suppose 2*p + 2*q = 4, 5*q = 2*p + 2*p + 19. Let t be (((-24)/(-9))/p)/(6/(-9)). Calculate the remainder when 78*t*(-1)/(-12) is divided by 10.
6
Suppose -f + 254 = -4*b, 1942 = 4*f - 4*b + 938. Calculate the remainder when f is divided by 239.
11
Let z = -8432 - -9058. Calculate the remainder when z is divided by 211.
204
Suppose -13*m + 43380 = -9*m + 4*c, -32545 = -3*m - 5*c. What is the remainder when m is divided by 13?
11
Let t(j) = j**2 - 10*j + 2. Let w be (1 + 7/(-5))*-35. What is the remainder when 110 is divided by t(w)?
52
Suppose -44 = -3*j - 5. Let a(b) = 18*b**3 - b**2 - 11*b + 11. What is the remainder when a(1) is divided by j?
4
Let y(s) = 2*s**2 - 4*s + 2. Let r = 316 - 320. Calculate the remainder when 98 is divided by y(r).
48
Suppose -4*y = -5*c + 14, -3*y + 2 + 1 = 3*c. Let s(z) = 15*z**2 - z - 1. Calculate the remainder when 73 is divided by s(y).
13
Let w = 277 - -9. Suppose 26*x - 2184 = -w. Calculate the remainder when x is divided by 0 - 1/((-1)/25).
23
What is the remainder when 952 is divided by 63/819 - 3/((-117)/7719)?
160
Let l = -12 + 29. Suppose 49734 = 912*a - 49360 - 82394. Calculate the remainder when a is divided by l.
12
Let u(i) = -247*i - 963. Calculate the remainder when 89 is divided by u(-4).
14
Let m(t) be the third derivative of t**5/60 + t**4/12 + 2*t**3 + 6*t**2. Let h = -14 - -17. Calculate the remainder when m(-4) is divided by h.
2
Suppose -m - 35 = -3*x - 51, 5*m - 120 = 5*x. Calculate the remainder when 162 is divided by m.
22
Let b = 87 - 62. Let z = b + -14. Suppose -4*j + 7 = -y, 0 = -5*y + j - 5*j + 37. What is the remainder when z is divided by y?
1
Suppose 0 = -17*q + 11*q - 126. What is the remainder when 186 is divided by (q/(-5) - 6)*-15?
24
Let b = 